(-14 + r)/((-2)/6).
3, 5
Let v(u) = 2*u**3 + 2*u**2 - 1. Let n be v(1). Let a be -53 - 2 - n - -1. Let m = -37 - a. List the prime factors of m.
2, 5
Let b(z) = z**3 - 8*z**2 + 9*z + 10. Let q = 16 - 9. Let v be b(q). Suppose -v = -4*y + 96. List the prime factors of y.
2, 3, 5
Suppose 24*t = 5941 + 45419. List the prime factors of t.
2, 5, 107
Let a(d) be the first derivative of d**2/2 + 43*d + 1. Let n be a(0). Suppose 3*y - n = 29. List the prime factors of y.
2, 3
Let i(s) = -s**3 + 23*s**2 + 80*s + 69. What are the prime factors of i(24)?
3, 157
Let k = -14 - -28. Suppose 0 = 3*c + k - 254. What are the prime factors of c?
2, 5
Suppose -k = -4*y - 5053, 4*k + 12*y - 11*y - 20144 = 0. List the prime factors of k.
3, 23, 73
Suppose 2*q = -3*x + 144, q + 4*q = x + 360. List the prime factors of ((-14)/3)/((-16)/q).
3, 7
Suppose 2 = -8*i + 9*i. Suppose -5*a + 2*q + 3 = -2, -i*a - 4 = -2*q. Suppose 37 = 4*d - a*d. List the prime factors of d.
37
Let h be (-34)/(-6) - ((-16)/(-6) - 2). Suppose u = h*d, -5*u - 4*d + 72 = -u. List the prime factors of u.
3, 5
Let f(n) = 17*n - 4. Let m be f(9). Let q = 220 - m. List the prime factors of q.
71
Let v(d) = 18*d - 16. Let l be v(19). Let b = l - 155. List the prime factors of b.
3, 19
Suppose -c + 364 = -5*c - 4*h, 5*h = c + 91. Let f = 133 + c. Suppose -y + 4 = 4*k, -3*y + 0*y = 2*k - f. List the prime factors of y.
2
Suppose m - 267 = 2*c, -c + 3*c - 6 = 0. Suppose -5*l - 4*z + 301 = 0, 0*l - 3*z - m = -5*l. List the prime factors of l.
3, 19
Let k(j) = 6 - 4*j - 6*j + 6. Let z be k(6). Let f = 4 - z. List the prime factors of f.
2, 13
Suppose 0 = -2*y - 4*z + 16, y - 18 = -5*z - 1. Let g be (3 - y) + (1 - 4). List the prime factors of 78/9*(-3)/g.
13
List the prime factors of 1498788/272 + 1/(-4) + -8.
2, 3, 7, 131
Suppose -22*j + 2771 = 175. List the prime factors of j.
2, 59
Suppose 4*s + 2*r - 8682 = 0, 3*s - 105*r = -108*r + 6507. List the prime factors of s.
2, 3, 181
Suppose 0 = -7*t + 3*t + 2*q + 6296, -2*t = 4*q - 3148. What are the prime factors of t?
2, 787
Suppose -142*j + 143*j - 4611 = 0. List the prime factors of j.
3, 29, 53
Let i be 5/2*(-56)/(-70). Suppose -4*c + 419 = 3*n, -n - i*c = 2*n - 421. List the prime factors of n.
3, 47
Let w = -940 - -1782. What are the prime factors of w?
2, 421
Let s = 9 - 16. Let m(i) = -i**3 - 8*i**2 - 9*i + 3. List the prime factors of m(s).
17
Let q = 1134 - 378. Suppose 2*b = -5*v - 177 + q, -3*b - 360 = -3*v. What are the prime factors of v?
3, 13
List the prime factors of -1 + (43 + -1)/6 + 609.
3, 5, 41
Suppose 3*r - 2*u = 4, 3*u - 8 = 3*r - 2*u. Suppose -w - 3*w = -4*a + 820, r*w = 0. Suppose -2*p - 181 = -4*s - p, -3*p = 5*s - a. List the prime factors of s.
2, 11
Suppose -12*n - 3 = -13*n. Suppose -v = 2, n*v - 747 = -3*w + 6*v. What are the prime factors of w?
13, 19
Suppose 664 = -17*b + 21*b. Let j = b + -103. What are the prime factors of j?
3, 7
Let u = -237 + 55. Let h = -122 - u. What are the prime factors of h?
2, 3, 5
Suppose 5*t - 12334 = q, 9844 = 4*t - 60*q + 65*q. List the prime factors of t.
2, 3, 137
Let v = -20 + 24. Suppose -8*o = -v*o - 252. List the prime factors of o.
3, 7
Let g(m) = 2*m**3 - 4*m**2 - 6*m - 10. Let k be g(7). Let j = -257 + k. What are the prime factors of j?
181
Let k(p) = -90*p - 187. What are the prime factors of k(-13)?
983
Let d(m) = 31*m**3 - m**2 + m. Let q = -6 + 6. Let n = q - -1. What are the prime factors of d(n)?
31
Let a(r) be the first derivative of -r**2/2 + 8*r - 10. What are the prime factors of a(-17)?
5
Let r = -5 - -6. List the prime factors of ((-5)/(-20))/(r/164).
41
Suppose 3971 = 11*o - 1716. What are the prime factors of o?
11, 47
Let b(a) = a**2 + 6*a + 10. Suppose 2*k - 19 = 5*g + 1, g + 4 = 5*k. Let v be 5*-2*(-2)/g. List the prime factors of b(v).
5
Let h = -520 - -781. Suppose h = 2*m - 75. List the prime factors of m.
2, 3, 7
Let n = 51 - 46. Suppose 0 = -g - 4*o + 49, -n*g - 3*o + 340 = -2*o. List the prime factors of g.
3, 23
Let g = -47 - 6. Let o = 32 + g. Let m = o + 28. What are the prime factors of m?
7
Suppose 0 = -37*r + 15*r + 56540. List the prime factors of r.
2, 5, 257
Let n(z) = -z**3 + z + 2. Let k be n(0). Suppose k*i = -3*i. Suppose i = -2*b - 7 + 59. What are the prime factors of b?
2, 13
Suppose -2*j + 4*f = j - 188, -5*f = 5*j - 290. List the prime factors of j.
2, 3, 5
Suppose -1825*a = -1821*a - 1092. List the prime factors of a.
3, 7, 13
Let h(r) = r**2 + 11*r - 15. Suppose 5*f - 2*n + 9 = -62, 2 = f + 5*n. List the prime factors of h(f).
11
Let u(a) = 2*a - 259. Let m(i) = i - 129. Let v(h) = -7*m(h) + 3*u(h). What are the prime factors of v(0)?
2, 3, 7
Let w = -8 + 14. What are the prime factors of w?
2, 3
Let q be 2 - 1 - (-6)/2. Suppose q*g - 116 - 4 = 0. Suppose -3*b + 44 = 2*m, -5*b = -m + 5 + g. What are the prime factors of m?
5
Suppose -3*u = y - 2209, 9*u = -2*y + 4*u + 4415. What are the prime factors of y?
2, 5, 11
Let i(n) = -33*n + 12. Let g be i(2). Let p = 207 + g. List the prime factors of p.
3, 17
List the prime factors of ((-627)/22)/((-8)/880).
3, 5, 11, 19
Let w = 1 + -25. Let u be w/36 + (-88)/(-6). Let v = 41 - u. What are the prime factors of v?
3
Suppose 0 = -2*g - o + 2116, -4*g + 9*g - 3*o - 5290 = 0. List the prime factors of g.
2, 23
Let t(b) = b**2 + 3. Let a = 21 - 16. List the prime factors of t(a).
2, 7
Let z(k) = 2*k**3 + 39*k**2 + 28*k + 50. What are the prime factors of z(-16)?
2, 17, 41
Suppose 3*w + 3*c - 4251 = 0, 3*w - 43*c - 4261 = -48*c. What are the prime factors of w?
2, 353
Let m = 156 - 12. Let w = -73 + m. What are the prime factors of w?
71
Let c(j) = j**3 - 7*j**2 - j + 11. Let u be c(7). Suppose -s - u*s = -4*r - 172, 4*r + 12 = 0. What are the prime factors of s?
2
Let r = -380 - -2368. List the prime factors of r.
2, 7, 71
Suppose 2*f = -4*d + 102, -3*d + 4*d - 153 = -3*f. What are the prime factors of f?
3, 17
Suppose 4*l - 3*l - 393 = 0. Let y = l + -202. What are the prime factors of y?
191
Suppose 20 = -23*l + 27*l. Suppose -5*g = -g + 4*j - 436, l*g - 554 = -2*j. List the prime factors of g.
2, 7
Let u = -129 + 184. Suppose u = 5*g - 0*g. What are the prime factors of g?
11
Let i = 1697 + -1178. What are the prime factors of i?
3, 173
Let u = 6601 - 4027. List the prime factors of u.
2, 3, 11, 13
Suppose 0 = m + 8*h - 3*h - 317, 4*m - 5*h = 1293. List the prime factors of m.
2, 7, 23
Let x be (-16)/3 - (-3)/9. Let k be 4 + x + 0 + 3. Let g = 30 + k. List the prime factors of g.
2
Let x = -87 + 87. Suppose 5*h - 910 = -5*j, j + 3*j + 2*h - 728 = x. What are the prime factors of j?
2, 7, 13
Let u be 3 - (2 + 1 - 5). Suppose -4*p = s - 15, 18 = p - 0*s + u*s. Suppose 0 = -4*w - 5*d - p + 85, -5*w = 2*d - 111. List the prime factors of w.
23
Let a = -54 + 49. List the prime factors of -36*5/(a/2).
2, 3
Suppose -7*i + 34 = -22. Suppose i = 3*p + 2. Suppose -p*x - 4 = 0, -f + 5*x = x - 17. List the prime factors of f.
3
Let u(i) = -4*i**3 - 8*i**2 + 8*i + 4. What are the prime factors of u(-5)?
2, 3, 11
Let b(u) = -32*u - 23. Let g be b(3). Let x = g - -225. What are the prime factors of x?
2, 53
Let x = 8 + -1. Let l(n) = 11 + 3*n - 2 + 7 - 6. List the prime factors of l(x).
31
Suppose 2*f + j = f + 88, 0 = 3*f - 5*j - 240. Suppose -f = -2*m + 207. List the prime factors of m.
2, 73
Suppose -p + 6 = 2*p. Let c be -15*((-8)/6)/2. List the prime factors of c + (-4)/(0 - p).
2, 3
Let x = -51 + 57. Suppose -y + 280 = x*y. What are the prime factors of y?
2, 5
Let m(a) = -a**2 + 60*a + 16. What are the prime factors of m(40)?
2, 3, 17
Let m(c) = -4*c + 36. Let v be m(9). Suppose 0 = -2*k + 4*t + 48, -t + v*t = 5*k - 153. List the prime factors of k.
2, 3, 5
Let m(s) = -17*s + 2. Let z be m(3). Let g be ((-30)/35)/((-2)/(-84)). Let f = g - z. What are the prime factors of f?
13
Let s = 2510 + -1045. List the prime factors of s.
5, 293
What are the prime factors of 6/(-2)*8295/(-45)?
7, 79
Suppose 0*j + 5*j = -25. Let n(p) = -3 - 9*p + 6 - 4. What are the prime factors of n(j)?
2, 11
Suppose z = -0*z - 2*z. Suppose -27 = -z*f - 3*f. What are the prime factors of f?
3
Suppose -4 = 11*z + 7. List the prime factors of 72 - (1/z - -3).
2, 5, 7
List the prime factors of 493 + (48/(-18))/(6/9).
3, 163
Let t(